he prime factors of s?
127
Suppose 3*t + 4*h = 295, -4*h = -t - 2*t + 335. What are the prime factors of t?
3, 5, 7
Let g be (-2)/7 - (-69)/21. Suppose 10 = p + 4*d, -g*p = -0*p + d - 19. Suppose 3*m = 2*w - 3*w + p, 0 = -2*m + w + 4. What are the prime factors of m?
2
Let b(d) = d**2 - 2*d + 5. What are the prime factors of b(5)?
2, 5
Let b be 0 - (-2 + 20) - 2. List the prime factors of 3 + (-3 + 3 - b).
23
Suppose 3 = 3*h - 3*d + 12, h - 2*d = -6. Suppose h = 2*m + 3*m - 25. What are the prime factors of m?
5
Let x = -8 - -14. Let o be (-2 + 8/x)*-3. Suppose -j + o + 1 = 0. List the prime factors of j.
3
Let t(a) = -18*a**3 + a**2 - a - 1. Let h be t(-1). Suppose -6*u + h = j - u, 2*j - 4*u + 32 = 0. Let n = j + 14. What are the prime factors of n?
2
Let r be -11 + (-3 - -2) + 1. What are the prime factors of (-4 + 2 - r) + 1?
2, 5
Let w(d) = 13*d - 19. Let l(m) = -7*m + 10. Let n(k) = k**3 - 9*k**2 + 8*k - 4. Let o be n(8). Let q(i) = o*w(i) - 7*l(i). What are the prime factors of q(-5)?
3, 7
Suppose 39 - 7 = -2*p. Let u = -5 - p. Suppose 0*w - 18 = -2*d - 4*w, -3*w = d - u. What are the prime factors of d?
5
What are the prime factors of (142/5)/(20/50)?
71
Suppose 0*k + 2*k = 3*n + 34, -26 = 3*n - 4*k. Let i = 8 + n. List the prime factors of (-6)/((-6)/(-2)) - i.
2
Suppose 4*o - 4 = 4*x, -4*x - 3 = -2*o + 1. Suppose o*y - 3*y = -21. What are the prime factors of y?
7
Suppose 0 = 2*p + p + 6. List the prime factors of (-8)/(-16)*(-88)/p.
2, 11
Suppose 26*c - 22*c - 516 = 0. List the prime factors of c.
3, 43
Let s(q) = -q**3 - 4*q**2 + 2*q + 6. Let k be s(-4). Let n = -38 - -53. What are the prime factors of n/((-7)/k + -2)?
2, 5
Let q(j) = -4*j**3 - j**2 + j. Suppose 4*u + i = -9 - 1, 5*u = -5*i - 20. List the prime factors of q(u).
2, 13
Suppose -27 = c - 3*p, -p - 53 = 5*c + 130. Let i = -20 - c. List the prime factors of i.
2
What are the prime factors of (7 - 4)*-1 + 37?
2, 17
Let k be ((-6)/(-4))/(15/10). What are the prime factors of k*1/((-1)/(-11))?
11
Suppose -4*y - 181 = -3*v - 12, -4*y = 2*v + 194. Let j = y + 73. What are the prime factors of j?
3
Suppose 4*w = -0*s - 3*s - 10, -5*w - 2*s - 16 = 0. What are the prime factors of (6/w)/((-3)/18)?
3
Suppose -222 = -7*k + 4*k. What are the prime factors of k?
2, 37
Let m(j) = 2*j**2 - 3*j. Let c be m(2). Suppose -k - 9 = -0*k. Let f = c - k. What are the prime factors of f?
11
Let c(z) = -2*z + 2. Let i be c(3). Let g = 43 - 28. Let f = i + g. What are the prime factors of f?
11
Let c = -8 + 12. Let f be (-2 + 12/8)*10. List the prime factors of c/(-10) + (-42)/f.
2
Let i(w) be the third derivative of -5*w**4/24 - w**3/2 - 2*w**2. Let u be i(-3). Suppose -l - l + u = 0. What are the prime factors of l?
2, 3
Let w(j) be the third derivative of -j**4/24 - j**3/2 + 4*j**2. Let o be w(-6). Suppose -5*q - o*k + 64 = -k, 2*k = 4*q - 44. List the prime factors of q.
2, 3
Suppose 114 = 5*y - 2*b - 31, -2*y - b + 67 = 0. List the prime factors of y.
31
Let c = -29 - -25. Let f = -20 + 4. What are the prime factors of c/f - (-35)/4?
3
Suppose 0 = 2*f - f + s - 132, -4 = -s. List the prime factors of f.
2
Suppose 89 = 4*w - 3*q - 53, -2*w = 3*q - 80. Let u = w - 13. What are the prime factors of u?
2, 3
Let l be ((-69)/6 + 3)*-2. Suppose -5 = v + 5*w, 3*v - 4*v - w = l. Let k = v + 40. What are the prime factors of k?
2, 5
List the prime factors of (-252)/35*(-160)/6.
2, 3
Suppose 720 = 5*g + g. List the prime factors of g.
2, 3, 5
Let b = -6 + 5. What are the prime factors of 1 - (16/(-2) - b)?
2
Suppose -r - 4*x = -4*r + 45, -r + 15 = -3*x. Let y = 21 - r. Suppose 0 = 2*b - 2 - y. List the prime factors of b.
2
Let i be (-14)/(-8)*(11 - -1). Suppose i = h - 1. Let b = h - 14. What are the prime factors of b?
2
Let h = -8 - -11. Suppose 2*p = h*n + n + 62, 0 = -p + n + 26. List the prime factors of p.
3, 7
Let m = -27 + 35. List the prime factors of m.
2
Let i = -35 + 47. List the prime factors of i.
2, 3
Let j = -95 - -134. List the prime factors of j.
3, 13
Suppose 3*i - 3*j - 152 - 313 = 0, 2*j = -8. List the prime factors of i.
151
Suppose -96 = -g + i + 3*i, 2*i = 5*g - 426. What are the prime factors of g?
2, 3, 7
Suppose 0 = 6*k - 3*k - 60. What are the prime factors of k?
2, 5
Suppose 5*s = 5*i + 155, 3*s + 2*i - 37 = 41. What are the prime factors of s?
2, 7
Suppose -2*b - 4*o = 6, -b = -5*o - 8 - 3. What are the prime factors of 1 + (-1)/(b/(-26))?
3
Let l(f) = -6*f + 42. What are the prime factors of l(-7)?
2, 3, 7
Suppose -15*y + 110 = -10*y. What are the prime factors of y?
2, 11
Let i = -41 + 154. List the prime factors of i.
113
Suppose 4*j - 7*j = -4*z - 324, 4*z = 5*j - 540. What are the prime factors of j?
2, 3
Let n be 23/7 + 4/(-14). Suppose -n*z - 5 = 1. List the prime factors of ((-2)/6)/(z/18).
3
Let f be 15*2*3/9. Let i = -5 + f. Let g = i - -4. List the prime factors of g.
3
Let y be 5 - 1 - (-4 + 2). Suppose 3*q + y = 69. List the prime factors of q.
3, 7
Let y = -3 + 8. What are the prime factors of y?
5
Suppose -2*m - 3*m = -145. List the prime factors of m.
29
Suppose 3*f = -5*l + 46 + 13, -3*f + 5*l + 109 = 0. List the prime factors of f.
2, 7
Suppose -2*c + 5*b + 97 = -3*c, 5*c = b - 355. Let x = -34 - c. What are the prime factors of x?
2, 19
Suppose -5*b = 3*y + 8 + 167, 3*b = -4*y - 105. Let d = 49 + b. List the prime factors of d.
2, 7
Suppose -3 - 24 = -4*d - s, -3 = -2*d + 3*s. List the prime factors of 33/(d + -3) - 3.
2
Let q(p) = p**2 + 3*p. List the prime factors of q(-5).
2, 5
Let a(s) = -10*s. Let y be a(-4). Let n = y - 16. What are the prime factors of n?
2, 3
Suppose 2*f + f + 1 = -4*h, 2*f - 2*h + 10 = 0. Let g = 4 + f. What are the prime factors of g/(-2) + (-95)/(-10)?
3
Suppose 0 = -3*w - 2*w + 65. List the prime factors of w.
13
Let i be ((-1)/(-2))/(5/20). Suppose 13 = -o + i*o. What are the prime factors of o?
13
Suppose 0 = 2*n - 6 - 14. Suppose 2*t - 3*t + n = 0. List the prime factors of t.
2, 5
Let f(s) = s**3 - 5*s**2 + 4*s - 3. Suppose -4*m = 2*u - 24, -2*m + u + 1 + 7 = 0. Let t be f(m). Let y = t + -6. What are the prime factors of y?
11
Suppose 5*n - 2*m - 63 = 0, 3*n = 5*m + 6 + 47. Let q = n + -8. Suppose q*p = -0*p + 21. List the prime factors of p.
7
Suppose 3*r + 100 = 7*r. Suppose -r = -5*o - 5*q, -q - 2*q + 15 = 0. Let y = o - -6. What are the prime factors of y?
2, 3
Let o(r) = r**2 + r - 4. Let w be o(-3). Let d be ((-14)/(-4))/(w/4). Suppose 5*m + d = -a, 1 = 3*a + 5*m - 18. List the prime factors of a.
13
Suppose 7 = -q - 1. What are the prime factors of ((-19)/2)/(q/16)?
19
Suppose -6*r + 96 + 36 = 0. Suppose 0 = -9*y + 8*y + r. What are the prime factors of y?
2, 11
Let s(x) = 2*x**2 + 6*x + 6. List the prime factors of s(-5).
2, 13
Suppose -o = -0 - 6. Let z be 4/(o/3 + 0). Suppose 5*g - 15 = z*g. What are the prime factors of g?
5
Let r(s) = s - 2. Let d be r(-4). Let y = -2 - d. List the prime factors of y.
2
Suppose 5*w - 3 - 7 = 0. Let p be ((-4)/10)/(w/(-10)). Suppose 0 = -p*v - 5*h - 3, -h + 38 = 5*v - 12. What are the prime factors of v?
11
Let p be 196/8 - 2/4. Suppose 0 = x - o - 9, -x + 6*x = -2*o + p. Suppose -x = -4*y + 2. What are the prime factors of y?
2
Let k(b) = 8*b**3 - b. List the prime factors of k(1).
7
Let o(w) be the first derivative of w**4/4 + 11*w**3/3 + 9*w**2/2 - 3*w - 2. Let t be o(-10). Let f = 14 - t. What are the prime factors of f?
7
Let h(p) = 3*p - 5. Let m be h(4). Let c be m/2 + 6/4. Suppose 9 = -c*f + 74. List the prime factors of f.
13
Suppose -11 = w - q, 2*w - 3*q = -0*q - 26. Let c(j) = j**2 + 4*j + 9. List the prime factors of c(w).
2, 3, 5
Suppose -4*g - 5 = 3, 3*j = -4*g + 1. Suppose -j*h - 18 = -6*h. Let i = -3 + h. List the prime factors of i.
3
Let g(t) = 5*t**2 - 2*t + 1. Let k be g(1). Suppose 11 = k*c - 25. What are the prime factors of c?
3
Let h(a) = -a**2 - 6*a - 5. Let z be h(-5). Suppose -c - 2*d + 0*d = -6, z = -c + 3*d + 26. What are the prime factors of c?
2, 7
Let b be (-6)/(-9) + 4/(-6). Suppose b = -4*j + 30 - 10. Suppose 3*p + 29 = 2*i, -2*i - j*p + 3 = 2*i. List the prime factors of i.
7
Let k(v) = -v**3 + 6*v**2 + 6*v + 20. List the prime factors of k(-4).
2, 3, 13
Suppose 5*b - 2*r + r - 55 = 0, -55 = -3*b + 5*r. List the prime factors of (14/